{"id":136,"date":"2014-12-17T20:02:54","date_gmt":"2014-12-17T18:02:54","guid":{"rendered":"http:\/\/ogv-rohracker.info\/?page_id=136"},"modified":"2014-12-17T20:02:54","modified_gmt":"2014-12-17T18:02:54","slug":"links","status":"publish","type":"page","link":"https:\/\/ogv-rohracker.info\/?page_id=136","title":{"rendered":"Links"},"content":{"rendered":"<h5>Umliegende Obst- und Gartenbauvereine:<\/h5>\n<address><a href=\"http:\/\/ogv-botnang.de\" target=\"_blank\">OGV Botnang<\/a><\/address>\n<address><a href=\"http:\/\/ogv-sillenbuch.de\" target=\"_blank\">OGV Sillenbuch<\/a><\/address>\n<h5>Bei uns im Ort:<\/h5>\n<address><a href=\"http:\/\/wg-rohracker.de\" target=\"_blank\">Weing\u00e4rtnergenossenschaft Rohracker<\/a><\/address>\n<h5>\u00dcbergeordnete Verb\u00e4nde:<\/h5>\n<address><a href=\"http:\/\/logl-bw.de\" target=\"_blank\">Landesverband f\u00fcr Obstbau, Garten und Landschaft Baden-W\u00fcrttemberg e.V. (LOGL)<\/a><\/address>\n<address><a href=\"http:\/\/kov-stuttgart.de\" target=\"_blank\">Kreisverband der Obst- und Gartenbauvereine Stuttgart e.V.<\/a><\/address>\n<p>&nbsp;<\/p>\n","protected":false},"excerpt":{"rendered":"<p>Umliegende Obst- und Gartenbauvereine: OGV Botnang OGV Sillenbuch Bei uns im Ort: Weing\u00e4rtnergenossenschaft Rohracker \u00dcbergeordnete Verb\u00e4nde: Landesverband f\u00fcr Obstbau, Garten und Landschaft Baden-W\u00fcrttemberg e.V. (LOGL) Kreisverband der Obst- und Gartenbauvereine &hellip; <a href=\"https:\/\/ogv-rohracker.info\/?page_id=136\" class=\"more-link\"><span class=\"screen-reader-text\">Links<\/span> weiterlesen <span class=\"meta-nav\">&rarr;<\/span><\/a><\/p>\n","protected":false},"author":1,"featured_media":0,"parent":0,"menu_order":0,"comment_status":"closed","ping_status":"closed","template":"","meta":{"inline_featured_image":false,"footnotes":""},"class_list":["post-136","page","type-page","status-publish","hentry"],"_links":{"self":[{"href":"https:\/\/ogv-rohracker.info\/index.php?rest_route=\/wp\/v2\/pages\/136","targetHints":{"allow":["GET"]}}],"collection":[{"href":"https:\/\/ogv-rohracker.info\/index.php?rest_route=\/wp\/v2\/pages"}],"about":[{"href":"https:\/\/ogv-rohracker.info\/index.php?rest_route=\/wp\/v2\/types\/page"}],"author":[{"embeddable":true,"href":"https:\/\/ogv-rohracker.info\/index.php?rest_route=\/wp\/v2\/users\/1"}],"replies":[{"embeddable":true,"href":"https:\/\/ogv-rohracker.info\/index.php?rest_route=%2Fwp%2Fv2%2Fcomments&post=136"}],"version-history":[{"count":2,"href":"https:\/\/ogv-rohracker.info\/index.php?rest_route=\/wp\/v2\/pages\/136\/revisions"}],"predecessor-version":[{"id":139,"href":"https:\/\/ogv-rohracker.info\/index.php?rest_route=\/wp\/v2\/pages\/136\/revisions\/139"}],"wp:attachment":[{"href":"https:\/\/ogv-rohracker.info\/index.php?rest_route=%2Fwp%2Fv2%2Fmedia&parent=136"}],"curies":[{"name":"wp","href":"https:\/\/api.w.org\/{rel}","templated":true}]}}