{"id":141,"date":"2014-12-17T20:19:58","date_gmt":"2014-12-17T18:19:58","guid":{"rendered":"http:\/\/ogv-rohracker.info\/?page_id=141"},"modified":"2024-04-14T14:32:27","modified_gmt":"2024-04-14T12:32:27","slug":"vereinsgarten","status":"publish","type":"page","link":"https:\/\/ogv-rohracker.info\/?page_id=141","title":{"rendered":"Vereinsgarten"},"content":{"rendered":"<p>Mit Vertrag vom 15. Mai 1987 schenkte Adolf Schiller dem OGV Rohracker ein Grundst\u00fcck in sehr sch\u00f6ner Aussichtslage im Gewann B\u00f6pserle. Die Einweihung des Vereinsgartens erfolgte am 27. Juni 1987. Zu Ehren des Schenkers erh\u00e4lt der Garten den Namen Schiller-Eck\u00a0 .<\/p>\n<p>Adolf Schiller wird zum Ehrenvorsitzenden ernannt und erh\u00e4lt f\u00fcr seine Verdienste um den Verein die bronzene Medaille des Landesverbandes f\u00fcr Obstbau, Garten und Landschaft Baden-W\u00fcrttemberg e.V. Adolf Schiller verstarb am 30.12.1993.<\/p>\n<p>Im Vereinsgarten finden die Schnittunterweisungen und die Unterrichtung von Sch\u00fclern statt. Alle Baumformen sind vorhanden. Die richtige Beerenerziehung und der Ziergeh\u00f6lzschnitt wird gezeigt.<\/p>\n<p>Der Garten ist immer auf dem neuesten Stand. Neue Obstsorten werden ausprobiert und die Erfahrungen an die Mitglieder und Interessierte weitergegeben.<\/p>\n<p>Schematische Darstellung des Vereinsgartens Schiller-Eck.<\/p>\n\n<div class=\"wp-block-image\">\n<figure class=\"aligncenter size-large is-resized\"><a href=\"https:\/\/ogv-rohracker.info\/wp-content\/uploads\/Vereinsgartenvektor2024.svg\"><img decoding=\"async\" src=\"http:\/\/ogv-rohracker.info\/wp-content\/uploads\/Vereinsgartenvektor2024.svg\" alt=\"\" class=\"wp-image-1128\" style=\"width:504px;height:auto\"\/><\/a><\/figure>\n<\/div>","protected":false},"excerpt":{"rendered":"<p>Mit Vertrag vom 15. Mai 1987 schenkte Adolf Schiller dem OGV Rohracker ein Grundst\u00fcck in sehr sch\u00f6ner Aussichtslage im Gewann B\u00f6pserle. Die Einweihung des Vereinsgartens erfolgte am 27. Juni 1987. &hellip; <a href=\"https:\/\/ogv-rohracker.info\/?page_id=141\" class=\"more-link\"><span class=\"screen-reader-text\">Vereinsgarten<\/span> weiterlesen <span class=\"meta-nav\">&rarr;<\/span><\/a><\/p>\n","protected":false},"author":1,"featured_media":0,"parent":0,"menu_order":0,"comment_status":"closed","ping_status":"closed","template":"","meta":{"inline_featured_image":false,"footnotes":""},"class_list":["post-141","page","type-page","status-publish","hentry"],"_links":{"self":[{"href":"https:\/\/ogv-rohracker.info\/index.php?rest_route=\/wp\/v2\/pages\/141","targetHints":{"allow":["GET"]}}],"collection":[{"href":"https:\/\/ogv-rohracker.info\/index.php?rest_route=\/wp\/v2\/pages"}],"about":[{"href":"https:\/\/ogv-rohracker.info\/index.php?rest_route=\/wp\/v2\/types\/page"}],"author":[{"embeddable":true,"href":"https:\/\/ogv-rohracker.info\/index.php?rest_route=\/wp\/v2\/users\/1"}],"replies":[{"embeddable":true,"href":"https:\/\/ogv-rohracker.info\/index.php?rest_route=%2Fwp%2Fv2%2Fcomments&post=141"}],"version-history":[{"count":17,"href":"https:\/\/ogv-rohracker.info\/index.php?rest_route=\/wp\/v2\/pages\/141\/revisions"}],"predecessor-version":[{"id":1133,"href":"https:\/\/ogv-rohracker.info\/index.php?rest_route=\/wp\/v2\/pages\/141\/revisions\/1133"}],"wp:attachment":[{"href":"https:\/\/ogv-rohracker.info\/index.php?rest_route=%2Fwp%2Fv2%2Fmedia&parent=141"}],"curies":[{"name":"wp","href":"https:\/\/api.w.org\/{rel}","templated":true}]}}