{"id":181,"date":"2014-12-19T22:05:59","date_gmt":"2014-12-19T20:05:59","guid":{"rendered":"http:\/\/ogv-rohracker.info\/?page_id=181"},"modified":"2020-07-22T11:17:49","modified_gmt":"2020-07-22T09:17:49","slug":"chronik","status":"publish","type":"page","link":"https:\/\/ogv-rohracker.info\/?page_id=181","title":{"rendered":"Chronik"},"content":{"rendered":"<ul>\n<li>1904 \u00a0\u00a0 \u00a0Gr\u00fcndung des Obst- und Vogelschutzvereins Rohracker.\u00a0\u00a0 Oberlehrer Ruck wird zum Vorstand gew\u00e4hlt<\/li>\n<li>1906 \u00a0\u00a0 \u00a0Statuten werden gedruckt und an die Mitglieder ausgeh\u00e4ndigt.<\/li>\n<li>1911 \u00a0\u00a0 \u00a0Neuer Vorsitzender wird Adolf Etzel<\/li>\n<li>1914 \u00a0\u00a0 \u00a0Das 10-j\u00e4hrige Bestehen wird gefeiert<\/li>\n<li>1916 \u00a0\u00a0 \u00a0Der Verein hat 74 Mitglieder<\/li>\n<li>1919 \u00a0\u00a0 \u00a0Neuer Vorsitzender wird Karl Mannschreck<\/li>\n<li>1924 \u00a0\u00a0 \u00a0Erster Baumschnitt im Versuchsgarten<\/li>\n<li>1931 \u00a0\u00a0 \u00a025 Jahre Obst- und Vogelschutzverein Rohracker<\/li>\n<li>1937 \u00a0\u00a0 \u00a0Namens\u00e4nderung. Die neue Bezeichnung lautet: Obst- und Gartenbauverein Stuttgart-Rohracker.<\/li>\n<li>1939 \u00a0\u00a0 \u00a0Neuer Vorsitzender wird Rudolf Kaiser<\/li>\n<li>1945 \u00a0\u00a0 \u00a0Da Rudolf Kaiser von der Gefangenschaft noch nicht zur\u00fcck ist, \u00fcbernimmt Rudolf Ebersp\u00e4cher das Amt.<\/li>\n<li>1947 \u00a0\u00a0 \u00a0Der Verein erh\u00e4lt eine neue Satzung. Er hat 119 Mitglieder.<\/li>\n<li>1948 \u00a0\u00a0 \u00a0Neuer Vorsitzender wird Adolf Mautz.<\/li>\n<li>1955 \u00a0\u00a0 \u00a0Der Verein feiert sein 50-j\u00e4hriges Jubil\u00e4um.<\/li>\n<li>1956 \u00a0\u00a0 \u00a0Neuer Vorsitzender wird Walter Schiller. 380 Obstb\u00e4ume werden in Rohracker gerodet.<\/li>\n<li>1966 \u00a0\u00a0 \u00a0Die Stadt teilt dem OGV Rohracker mit, dass der Lehrgarten \u00fcberbaut wird.<\/li>\n<li>1980 \u00a0\u00a0 \u00a0Der Verein feiert sein 75-j\u00e4hriges Jubil\u00e4um.<\/li>\n<li>1984 \u00a0\u00a0 \u00a0Neuer Vorsitzender wird Erwin Benk.<\/li>\n<li>1987 \u00a0\u00a0 \u00a0Mitglied Adolf Schiller schenkt dem Verein ein Grundst\u00fcck. Der Verein erh\u00e4lt eine neue Satzung. Er wird vom Finanzamt als gemeinn\u00fctzig anerkannt und in das Vereinsregister eingetragen.<\/li>\n<li>2004\u00a0 \u00a0 \u00a0Der Verein hat 165 Mitglieder und feiert im Jahr 2004 sein 100-j\u00e4hriges Bestehen.<\/li>\n<li>2014 Neue Vorsitzende wird Dorothee Veith.<\/li>\n<\/ul>\n","protected":false},"excerpt":{"rendered":"<p>1904 \u00a0\u00a0 \u00a0Gr\u00fcndung des Obst- und Vogelschutzvereins Rohracker.\u00a0\u00a0 Oberlehrer Ruck wird zum Vorstand gew\u00e4hlt 1906 \u00a0\u00a0 \u00a0Statuten werden gedruckt und an die Mitglieder ausgeh\u00e4ndigt. 1911 \u00a0\u00a0 \u00a0Neuer Vorsitzender wird Adolf &hellip; <a href=\"https:\/\/ogv-rohracker.info\/?page_id=181\" class=\"more-link\"><span class=\"screen-reader-text\">Chronik<\/span> weiterlesen <span class=\"meta-nav\">&rarr;<\/span><\/a><\/p>\n","protected":false},"author":1,"featured_media":0,"parent":0,"menu_order":0,"comment_status":"closed","ping_status":"closed","template":"","meta":{"inline_featured_image":false,"footnotes":""},"class_list":["post-181","page","type-page","status-publish","hentry"],"_links":{"self":[{"href":"https:\/\/ogv-rohracker.info\/index.php?rest_route=\/wp\/v2\/pages\/181","targetHints":{"allow":["GET"]}}],"collection":[{"href":"https:\/\/ogv-rohracker.info\/index.php?rest_route=\/wp\/v2\/pages"}],"about":[{"href":"https:\/\/ogv-rohracker.info\/index.php?rest_route=\/wp\/v2\/types\/page"}],"author":[{"embeddable":true,"href":"https:\/\/ogv-rohracker.info\/index.php?rest_route=\/wp\/v2\/users\/1"}],"replies":[{"embeddable":true,"href":"https:\/\/ogv-rohracker.info\/index.php?rest_route=%2Fwp%2Fv2%2Fcomments&post=181"}],"version-history":[{"count":3,"href":"https:\/\/ogv-rohracker.info\/index.php?rest_route=\/wp\/v2\/pages\/181\/revisions"}],"predecessor-version":[{"id":935,"href":"https:\/\/ogv-rohracker.info\/index.php?rest_route=\/wp\/v2\/pages\/181\/revisions\/935"}],"wp:attachment":[{"href":"https:\/\/ogv-rohracker.info\/index.php?rest_route=%2Fwp%2Fv2%2Fmedia&parent=181"}],"curies":[{"name":"wp","href":"https:\/\/api.w.org\/{rel}","templated":true}]}}